 + 11, -2*l = 5*r - 7. Calculate the remainder when 26 is divided by r.
2
Suppose 18 = 9*k - 423. What is the remainder when k is divided by 25?
24
Let z be 140/1 + 4/4. What is the remainder when 31 is divided by z/13 + (-6)/(-39)?
9
Let c(r) = -r + 9. Let n be c(7). Suppose -n = 2*x, k + 4*x + 104 = 6*k. What is the remainder when k is divided by (2 + (-5)/2)*-14?
6
Let g(f) = -f + 17. Calculate the remainder when g(-3) is divided by (-10 + (-1 - 0))*-1.
9
Let m be 243/7 + (-6)/(-21). Suppose 3*u - m - 31 = 0. Calculate the remainder when 65 is divided by u.
21
Suppose 0 = -3*a + 6*a - 48. Let c(l) = 1 - 31*l**3 + 3*l**2 - 4*l - 2*l**2 + 6*l. What is the remainder when c(-1) is divided by a?
15
Let y(q) = q + 14. What is the remainder when y(-7) is divided by 4?
3
Suppose 0 = -2*f - 5*k + 48, -3*f - 2*f + 2*k + 91 = 0. What is the remainder when 51 is divided by f?
13
Let l = 16 - -26. What is the remainder when l is divided by (-1 + 36/3)*2?
20
Suppose -3 - 45 = -4*k. Suppose -3 = -5*h + k. What is the remainder when 5 is divided by h?
2
Let h = 15 - 13. What is the remainder when 2 is divided by h?
0
Let b(l) = -2*l + 4. Let x be b(5). Let t = 9 - 0. What is the remainder when (10/x)/(1/(-15)) is divided by t?
7
Suppose 12*u - 3*u - 369 = 0. Calculate the remainder when u is divided by 7.
6
Let w = -4 + 11. Calculate the remainder when 18 is divided by w.
4
Suppose 5*z - 73 = -3*r, -13 = 2*r + 3*z - 63. Suppose -3*s = -4*s - 2. Let v = 9 - s. Calculate the remainder when r is divided by v.
9
Suppose -29 = 4*u - 5. Let y = 9 - u. What is the remainder when 2 + (25 - (0 + -1)) is divided by y?
13
Let i = -68 + 115. Calculate the remainder when i is divided by 16.
15
Suppose -4 = -3*r + 29. What is the remainder when 43 is divided by r?
10
Suppose 23 = 3*u - 46. Calculate the remainder when u is divided by 6/5*(1 + 4).
5
Suppose 0 = 4*s - 35 - 5. Calculate the remainder when 37 is divided by s.
7
Let p(q) = -q**2 + 12*q - 15. Let d be p(10). Suppose -f - 1 = -2*g - g, -d*f + 5*g = -45. What is the remainder when f is divided by 8?
6
Let r = 2 - 1. Let p(f) = 8*f - 6. What is the remainder when p(4) is divided by 11*r + (-4 - -2)?
8
Let p = 10 - 2. What is the remainder when 11/(-33)*(-93 - 0) is divided by p?
7
Suppose -h + 4 + 1 = 0. Suppose -h*w - 34 - 14 = -4*n, -5*w = 4*n - 8. What is the remainder when 20 is divided by n?
6
Let c(v) = -3*v - 6. Let w = -26 - -49. Suppose 77 = 4*l - w. Calculate the remainder when l is divided by c(-5).
7
Let r(u) = 20*u - 4. What is the remainder when r(4) is divided by 20?
16
Suppose -3*b + 3*c + 47 + 61 = 0, 2*b - 3*c - 69 = 0. Calculate the remainder when b is divided by 14.
11
Calculate the remainder when 35 is divided by 4/12 + (-160)/(-15).
2
Calculate the remainder when (-2)/2 - -1*(15 + 4) is divided by 12.
6
Suppose 0*u + 8 = 2*u. What is the remainder when (-1)/((3/(-20))/(30/25)) is divided by u?
0
Let c be (2 - (-2)/2) + -1. Suppose c*i - 20 = -4*q, 5 = -4*i - 3. Calculate the remainder when q is divided by 4.
2
Suppose -w - 5*m = -4*w + 98, 4*m + 16 = 0. Let t(b) = -b**2 + 7*b - 3. What is the remainder when w is divided by t(5)?
5
Let f = -36 - -39. Suppose 6*s + 9 = -4*q + s, 7 = -5*q - 2*s. Let j = q - -5. What is the remainder when j is divided by f?
1
Let p be (-34)/(-10) + 4/(-10). Let f = 0 - -2. What is the remainder when (1 - f)*(-56 - p) is divided by 20?
19
Suppose -s - 2*s = -423. Calculate the remainder when 1/2 + s/6 is divided by (1/(-4))/((-38)/1368).
6
Suppose 24 = 4*x - 2*x. Calculate the remainder when x is divided by 8.
4
Let s(a) = a**3 + a**2. Let w be s(0). Calculate the remainder when 90 is divided by 403/13 + w + 0.
28
Let f be (-2758)/(-18) - 4/18. Suppose 0 = 5*o + 23 - f. What is the remainder when o is divided by 14?
12
Suppose -k - 2 = -0. What is the remainder when 9 is divided by (-1)/(1*k/6)?
0
Suppose 0 = 8*u - 4*u - 16. Suppose -u*m = -0*m - 20. Let p = -2 + m. What is the remainder when p is divided by 2?
1
Let d = -30 - -44. Calculate the remainder when 27 is divided by d.
13
Suppose v + 8 = 3*v + 4*h, 2*h + 6 = 0. What is the remainder when 78 is divided by v?
8
Let l = -48 - -61. What is the remainder when 51 is divided by l?
12
Suppose 0 = b + l - 3, 1 = -l - 0*l. Suppose -b*w + 35 = -93. Calculate the remainder when w is divided by 11.
10
Let o = -3 - -1. What is the remainder when 12 is divided by o/2*(-5 - 2)?
5
Let m be 2 - (-2 + 10/1). Let c = 5 - m. What is the remainder when c is divided by 4?
3
Suppose 2*a + 17 = 5*l, 0*a - l = 2*a - 13. Suppose -4*j + 21 = -31. What is the remainder when j is divided by a?
1
Suppose -5*m + 3*o + 491 - 102 = 0, o = 2. Calculate the remainder when m is divided by 20.
19
Suppose 3*z = 15 - 57. Calculate the remainder when 15 is divided by z/(-21)*3*3.
3
Let f = -76 + 110. Let c(a) = -a**2 + 3*a + 4. Let j be c(5). Let s(o) = o**2 + 3*o - 6. What is the remainder when f is divided by s(j)?
10
Suppose 4*g - 16 + 4 = 0. Calculate the remainder when g is divided by 1.
0
Suppose -12*m + 163 + 437 = 0. Calculate the remainder when m is divided by 17.
16
Suppose -3*l - 63 = -3*b - 15, -20 = -2*b - 2*l. Let i be ((-8)/(-12))/(3/207). Let d = 84 - i. What is the remainder when d is divided by b?
12
Let q = 24 - 17. Calculate the remainder when 34 is divided by q.
6
Let s be -2 + -3*2/(-2). Suppose -5 = -3*d + s. Suppose 2*t - 118 = -d*g, 3*g - 4*t - 88 = g. What is the remainder when g is divided by 19?
16
Suppose 0 = 2*g - 5*q + 2, 4*g - 20 = 3*q - 5*q. Suppose -20*f - 6*f + 78 = 0. Calculate the remainder when g is divided by f.
1
What is the remainder when 19 is divided by (-20)/(-6)*(-3)/(-2)?
4
Let m = 2 + 9. Let j = -5 - -9. Calculate the remainder when m is divided by j.
3
Let z(b) = -b - 11. Let g be z(-13). What is the remainder when 10 - ((-8)/g)/(-4) is divided by 3?
0
Let v = -20 + 30. Let b = 50 + -21. What is the remainder when b is divided by v?
9
Let o(q) be the third derivative of q**4/4 - q**3 - q**2. Suppose -6*i = -2*i - 16. Calculate the remainder when 52 is divided by o(i).
16
Let c(k) = 4 - 4 + 4*k + 1. Let o(x) = -5*x - 142. What is the remainder when o(-30) is divided by c(1)?
3
Suppose 4*f = 4*u - 24, 4*u - 18 = 3*f - f. Calculate the remainder when 3 is divided by u.
0
Let b(g) = -g**3 + 6*g**2 - 5*g + 5. Let m be b(5). Let i(w) = -w**2 + 0 + 2 + 2*w**2. Calculate the remainder when 52 is divided by i(m).
25
Let n be -4 - -3 - 9/(-3). Calculate the remainder when (-4)/((-3)/57*n) is divided by 10.
8
Suppose -3*c - 4*q + 22 = 0, 2*q + 32 = 4*c + 6*q. Suppose -3*r + c = -5. Suppose 2 = 5*x - 4*x. Calculate the remainder when r is divided by x.
1
Suppose z - 49 = -4*m - 3, 0 = -5*m + 5*z + 45. What is the remainder when 41 is divided by m?
8
Suppose -2*p - 4 = -6*p. Suppose -3 - p = 2*m, q + m = 10. What is the remainder when q is divided by (-2)/(-12) - 123/(-18)?
5
Let f be (-2)/(-8) - 307/(-4). Let r = -72 - -17. Let u = f + r. Calculate the remainder when u is divided by 8.
6
Let h(c) = c**3 + 6*c**2 - 10*c + 2. Suppose 4*z + 3*k = 259, -4*z = -2*z - 3*k - 143. Calculate the remainder when z/(-1 + 2 + 0) is divided by h(-7).
21
Suppose 2*f - 4*f + 46 = 0. Calculate the remainder when f is divided by 4 - 63/(-14)*2.
10
Let v = 52 - 22. What is the remainder when v is divided by 11?
8
Suppose 0*t - t = -181. Let f = -116 + t. Suppose -z = 5*q - 225, z + f = 2*q - 18. What is the remainder when q is divided by 15?
14
Suppose -g - 3*g = 48. Let r be (-3)/(-12) - 21/g. Calculate the remainder when ((-2)/4)/(r/(-88)) is divided by 12.
10
Let m(i) = i**3 + 6*i**2 - 8*i - 4. Let z be m(-7). What is the remainder when 16 - (-4)/6*z is divided by 7?
4
Let j(y) = -y**3 + 2*y**2 + y - 2. Let t be j(2). Suppose 3*z - 15 + 0 = t. Calculate the remainder when z is divided by (-4 - -2)/(6/(-9)).
2
Let f(a) = -3 - 17*a + 3 + 1 + 0. Calculate the remainder when f(-1) is divided by 10.
8
Suppose -4*g - 50 + 578 = 0. Suppose -2*v - 2*v = -a - g, -2*v - 2*a = -76. Calculate the remainder when v is divided by 12.
10
Suppose 6*o - o - 95 = 2*l, 43 = 3*o - 4*l. Suppose -2*c - o = -3*c. Let x = c - -11. What is the remainder when x is divided by 11?
10
Let n(p) = p**3 - p**2 + p + 12. Let i be (-2)/7 + 4/14. What 